{"id":133,"date":"2024-04-16T17:25:57","date_gmt":"2024-04-16T17:25:57","guid":{"rendered":"https:\/\/beauty-ecke.com\/?page_id=133"},"modified":"2024-04-24T20:36:58","modified_gmt":"2024-04-24T20:36:58","slug":"impressum","status":"publish","type":"page","link":"https:\/\/beauty-ecke.com\/startseite\/impressum\/","title":{"rendered":"Impressum"},"content":{"rendered":"\n<p><strong>Hinweise zum Impressum<\/strong><\/p>\n\n\n\n<p>Der Nutzung von im Rahmen der Impressumspflicht ver\u00f6ffentlichten Kontaktdaten durch Dritte zur \u00dcbersendung von nicht ausdr\u00fccklich angeforderter Werbung und Informationsmaterialien wird hiermit ausdr\u00fccklich widersprochen. Die Betreiber der Seiten behalten sich ausdr\u00fccklich rechtliche Schritte im Falle der unverlangten Zusendung von Werbeinformationen vor. Bitte haben Sie Verst\u00e4ndnis, dass wir nur auf Anfragen zu unseren Produkten und Services, auf Basis kommerzieller Natur, antworten k\u00f6nnen.<\/p>\n\n\n\n<h3 class=\"wp-block-heading\"><strong>SITZ DER GESELLSCHAFT<\/strong><\/h3>\n\n\n\n<p>Beauty Ecke <br>Eda Temel<br>Kernstr. 1<br>75334 Straubenhardt<br>Deutschland<br>Telefon: \u202d+49 176 20705615<br>E-Mail: info@beauty-ecke.com<br>Web: beauty-ecke.com<br>Registergericht: -beantragt-<br>Registernummer: -beantragt-<br>Umsatzsteuer-Identifikationsnummer: DE -beantragt-<br>Steuernummer: -beantragt-<br>Gesch\u00e4ftsf\u00fchrer: Eda Temel<\/p>\n\n\n\n<p>Inhaltlich Verantwortlicher gem\u00e4\u00df \u00a7 55 Abs. 2 RStV: Ender Berkay Temel<\/p>\n\n\n\n<h3 class=\"wp-block-heading\"><strong>INHALT DER WEBSITE<\/strong><\/h3>\n\n\n\n<p>Der Ver\u00f6ffentlicher dieser Website, die Eda Temel, \u00fcbernimmt keinerlei Gew\u00e4hr f\u00fcr die Aktualit\u00e4t, Korrektheit, Vollst\u00e4ndigkeit oder Qualit\u00e4t der bereitgestellten Informationen. Haftungsanspr\u00fcche gegen die Carmen Kosmetik, welche sich auf Sch\u00e4den materieller oder ideeller Art beziehen, die durch die Nutzung oder Nichtnutzung der dargebotenen Informationen bzw. durch die Nutzung fehlerhafter und unvollst\u00e4ndiger Informationen verursacht wurden sind grunds\u00e4tzlich ausgeschlossen, sofern kein nachweislich vors\u00e4tzliches oder grob fahrl\u00e4ssiges Verschulden vorliegt. Alle Angebote sind freibleibend und unverbindlich. Die Carmen Kosmetik beh\u00e4lt es sich ausdr\u00fccklich vor, Teile der Seiten oder das gesamte Angebot ohne gesonderte Ank\u00fcndigung zu ver\u00e4ndern, zu erg\u00e4nzen, zu l\u00f6schen oder die Ver\u00f6ffentlichung zeitweise oder endg\u00fcltig einzustellen.<\/p>\n\n\n\n<h3 class=\"wp-block-heading\"><strong>VERWEISE UND LINKS<\/strong><\/h3>\n\n\n\n<p>Bei direkten oder indirekten Verweisen auf fremde Internetseiten , die au\u00dferhalb des Verantwortungsbereiches der Beauty Ecke liegen, w\u00fcrde eine Haftungsverpflichtung ausschlie\u00dflich in dem Fall in Kraft treten, in dem die Beauty Ecke von den Inhalten Kenntnis hat und es ihr technisch m\u00f6glich und zumutbar w\u00e4re, die Nutzung im Falle rechtswidriger Inhalte zu verhindern. Die Beauty Ecke erkl\u00e4rt daher ausdr\u00fccklich, dass zum Zeitpunkt der Linksetzung die entsprechenden verlinkten Seiten frei von illegalen Inhalten waren. Der Autor hat keinerlei Einfluss auf die aktuelle und zuk\u00fcnftige Gestaltung und auf die Inhalte der gelinkten \/ verkn\u00fcpften Seiten. Deshalb distanziert sie sich hiermit ausdr\u00fccklich von allen Inhalten aller gelinkten \/ verkn\u00fcpften Seiten, die nach der Linksetzung ver\u00e4ndert wurden. Diese Feststellung gilt f\u00fcr alle innerhalb des eigenen Internetangebotes gesetzten Links und Verweise. F\u00fcr illegale, fehlerhafte oder unvollst\u00e4ndige Inhalte und insbesondere f\u00fcr Sch\u00e4den, die aus der Nutzung oder Nichtnutzung solcherart dargebotener Informationen entstehen, haftet allein der Anbieter der Seite, auf welche verwiesen wurde, nicht derjenige, der \u00fcber Links auf die jeweilige Ver\u00f6ffentlichung lediglich verweist.<\/p>\n\n\n\n<h3 class=\"wp-block-heading\"><strong>ALLGEMEINE GESCH\u00c4FTSBEDINGUNGEN<\/strong><\/h3>\n\n\n\n<p>Unsere Allgemeinen Gesch\u00e4ftsbedingungen k\u00f6nnen bei berechtigtem Interesse eingesehen werden.<\/p>\n\n\n\n<h3 class=\"wp-block-heading\"><strong>G\u00dcLTIGKEIT DES HAFTUNGSAUSCHLUSS<\/strong><\/h3>\n\n\n\n<p>Dieser Haftungsausschluss ist als Teil des Internetangebotes zu betrachten, von dem aus auf diese Seite verwiesen wurde. Sofern Teile oder einzelne Formulierungen dieses Textes der geltenden Rechtslage nicht, nicht mehr oder nicht vollst\u00e4ndig entsprechen sollten, bleiben die \u00fcbrigen Teile des Dokumentes in ihrem Inhalt und ihrer G\u00fcltigkeit davon unber\u00fchrt.<\/p>\n\n\n\n<h3 class=\"wp-block-heading\"><strong>COPYRIGHT-HINWEIS<\/strong><\/h3>\n\n\n\n<p>Die vorliegenden Inhalte des Internetauftritts von Beauty Ecke unterliegen dem deutschen Urheberrecht. Eine Vervielf\u00e4ltigung, \u00dcbersetzung oder Verwendung von Fotos, Grafiken und Texten dieser Website in anderen elektronischen oder gedruckten Publikationen ist ohne unsere ausdr\u00fcckliche vorherige und schriftliche Zustimmung nicht gestattet. Dies gilt ebenfalls f\u00fcr die auf unserer Website angebotenen Produkte und Services, sowie f\u00fcr die eingetragenen Handelsnamen, Marken, Gebrauchsmuster und Logos, auch wenn diese an den jeweiligen Stellen nicht explizit als solche gekennzeichnet sind.<\/p>\n\n\n\n<h3 class=\"wp-block-heading\"><strong>ANDERE MARKEN, LOGOS UND TRADEMARKS<\/strong><\/h3>\n\n\n\n<p>Alle genannten Marken- und Produktbezeichnungen sind Warenzeichen der jeweiligen Inhaber und entsprechend gesetzlich gesch\u00fctzt.<\/p>\n\n\n\n<h3 class=\"wp-block-heading\"><strong>HAFTUNGSAUSCHLUSS<\/strong><\/h3>\n\n\n\n<p>Trotz sorgf\u00e4ltiger inhaltlicher Kontrolle \u00fcbernehmen wir keine Haftung f\u00fcr die Inhalte externer Links. F\u00fcr den Inhalt der verlinkten Seiten sind ausschlie\u00dflich deren Betreiber verantwortlich.<\/p>\n\n\n\n<p>Hinweis gem\u00e4\u00df \u00a7 36 VERBRAUCHERSTREITBEILEGUNGSGESETZ (VSBG)<\/p>\n\n\n\n<p>Hinweis zur Online-Streitbeilegung (OS) Die Europ\u00e4ische Kommission stellt eine Plattform zur Online-Streitbeilegung (OS) bereit, die Sie unter folgendem Link finden: https:\/\/ec.europa.eu\/consumers\/odr\/<\/p>\n\n\n\n<p>Unsere Kontakt-E-Mail Adresse: info@beauty-ecke.com<br>Die Online-Streitschlichtungsplattform soll grenz\u00fcberschreitende K\u00e4ufe durch Verbraucher in der gesamten EU f\u00f6rdern und ist Teil der Initiative der Kommission f\u00fcr den Digitalen Binnenmarkt. Online-Streitbeilegung ist ein Verfahren zur alternativen Beilegung verbraucherrechtlicher Streitigkeiten, das online durchgef\u00fchrt wird.<\/p>\n\n\n\n<p>\u00dcber die Online-Streitschlichtungsplattform k\u00f6nnen Verbraucher Beschwerden an eine zust\u00e4ndige Stelle senden, um ihre Streitigkeit beizulegen. Um die Handhabung zu erleichtern wird eine \u00dcbersetzungsfunktion angeboten. Sowohl Verbraucher als auch H\u00e4ndler erhalten damit Zugang zu einer Plattform, \u00fcber die sie Streitigkeiten einfach, schnell und kosteng\u00fcnstig au\u00dfergerichtlich beilegen k\u00f6nnen.<\/p>\n\n\n\n<h3 class=\"wp-block-heading\"><strong>BILDERNACHWEISE<\/strong><\/h3>\n\n\n\n<p>Einige Fotos und Bilder der Website sind nachweisbar lizensierte Inhalte und stammen von folgenden Personen und Agenturen. Das Urheberrecht liegt jeweils bei den entsprechenden Quellen: \u2013 Shutterstock \u2013 Fotolia \u2013 Adobe &#8211; Pexels &#8211; Freepik<\/p>\n","protected":false},"excerpt":{"rendered":"<p>Hinweise zum Impressum Der Nutzung von im Rahmen der Impressumspflicht ver\u00f6ffentlichten Kontaktdaten durch Dritte zur \u00dcbersendung von nicht ausdr\u00fccklich angeforderter Werbung und Informationsmaterialien wird hiermit ausdr\u00fccklich widersprochen. Die Betreiber der Seiten behalten sich ausdr\u00fccklich rechtliche Schritte im Falle der unverlangten Zusendung von Werbeinformationen vor. Bitte haben Sie Verst\u00e4ndnis, dass wir nur auf Anfragen zu unseren [&hellip;]<\/p>\n","protected":false},"author":1,"featured_media":0,"parent":0,"menu_order":0,"comment_status":"closed","ping_status":"closed","template":"","meta":{"footnotes":""},"yoast_head":"<!-- This site is optimized with the Yoast SEO plugin v24.5 - https:\/\/yoast.com\/wordpress\/plugins\/seo\/ -->\n<title>\u00bb Beauty Ecke - Kosmetikstudio deines Vertrauens - Straubenhardt<\/title>\n<meta name=\"description\" content=\"\u2605 Das Kosmetikstudio deines Vertrauens \u2605 Spezialisiert auf Permanent Make-Up, Augenbrauenbehandlungen, Wimpernbehandlungen.. Mehr erfahren!\" \/>\n<meta name=\"robots\" content=\"noindex, nofollow\" \/>\n<meta property=\"og:locale\" content=\"en_US\" \/>\n<meta property=\"og:type\" content=\"article\" \/>\n<meta property=\"og:title\" content=\"\u00bb Beauty Ecke - Kosmetikstudio deines Vertrauens - Straubenhardt\" \/>\n<meta property=\"og:description\" content=\"\u2605 Das Kosmetikstudio deines Vertrauens \u2605 Spezialisiert auf Permanent Make-Up, Augenbrauenbehandlungen, Wimpernbehandlungen.. Mehr erfahren!\" \/>\n<meta property=\"og:url\" content=\"http:\/\/beauty-ecke.com\/startseite\/impressum\/\" \/>\n<meta property=\"og:site_name\" content=\"Beauty Ecke - Kosmetikstudio in Straubenhardt\" \/>\n<meta property=\"article:modified_time\" content=\"2024-04-24T20:36:58+00:00\" \/>\n<meta name=\"twitter:card\" content=\"summary_large_image\" \/>\n<meta name=\"twitter:label1\" content=\"Est. reading time\" \/>\n\t<meta name=\"twitter:data1\" content=\"4 minutes\" \/>\n<script type=\"application\/ld+json\" class=\"yoast-schema-graph\">{\"@context\":\"https:\/\/schema.org\",\"@graph\":[{\"@type\":\"WebPage\",\"@id\":\"http:\/\/beauty-ecke.com\/startseite\/impressum\/\",\"url\":\"http:\/\/beauty-ecke.com\/startseite\/impressum\/\",\"name\":\"\u00bb Beauty Ecke - Kosmetikstudio deines Vertrauens - Straubenhardt\",\"isPartOf\":{\"@id\":\"https:\/\/beauty-ecke.com\/startseite\/#website\"},\"datePublished\":\"2024-04-16T17:25:57+00:00\",\"dateModified\":\"2024-04-24T20:36:58+00:00\",\"description\":\"\u2605 Das Kosmetikstudio deines Vertrauens \u2605 Spezialisiert auf Permanent Make-Up, Augenbrauenbehandlungen, Wimpernbehandlungen.. Mehr erfahren!\",\"breadcrumb\":{\"@id\":\"http:\/\/beauty-ecke.com\/startseite\/impressum\/#breadcrumb\"},\"inLanguage\":\"en-US\",\"potentialAction\":[{\"@type\":\"ReadAction\",\"target\":[\"http:\/\/beauty-ecke.com\/startseite\/impressum\/\"]}]},{\"@type\":\"BreadcrumbList\",\"@id\":\"http:\/\/beauty-ecke.com\/startseite\/impressum\/#breadcrumb\",\"itemListElement\":[{\"@type\":\"ListItem\",\"position\":1,\"name\":\"Startseite\",\"item\":\"https:\/\/beauty-ecke.com\/startseite\/\"},{\"@type\":\"ListItem\",\"position\":2,\"name\":\"Impressum\"}]},{\"@type\":\"WebSite\",\"@id\":\"https:\/\/beauty-ecke.com\/startseite\/#website\",\"url\":\"https:\/\/beauty-ecke.com\/startseite\/\",\"name\":\"\u00bb Beauty Ecke - Kosmetikstudio deines Vertrauens - Straubenhardt\",\"description\":\"\u2605 Das Kosmetikstudio deines Vertrauens \u2605 Spezialisiert auf Permanent Make-Up, Augenbrauenbehandlungen, Wimpernbehandlungen.. Mehr erfahren!\",\"publisher\":{\"@id\":\"https:\/\/beauty-ecke.com\/startseite\/#organization\"},\"potentialAction\":[{\"@type\":\"SearchAction\",\"target\":{\"@type\":\"EntryPoint\",\"urlTemplate\":\"https:\/\/beauty-ecke.com\/startseite\/?s={search_term_string}\"},\"query-input\":{\"@type\":\"PropertyValueSpecification\",\"valueRequired\":true,\"valueName\":\"search_term_string\"}}],\"inLanguage\":\"en-US\"},{\"@type\":\"Organization\",\"@id\":\"https:\/\/beauty-ecke.com\/startseite\/#organization\",\"name\":\"Beauty Ecke - Kosmetikstudio in Straubenhardt\",\"url\":\"https:\/\/beauty-ecke.com\/startseite\/\",\"logo\":{\"@type\":\"ImageObject\",\"inLanguage\":\"en-US\",\"@id\":\"https:\/\/beauty-ecke.com\/startseite\/#\/schema\/logo\/image\/\",\"url\":\"https:\/\/beauty-ecke.com\/wp-content\/uploads\/2024\/02\/Beauty-Ecke.png\",\"contentUrl\":\"https:\/\/beauty-ecke.com\/wp-content\/uploads\/2024\/02\/Beauty-Ecke.png\",\"width\":2839,\"height\":2326,\"caption\":\"Beauty Ecke - Kosmetikstudio in Straubenhardt\"},\"image\":{\"@id\":\"https:\/\/beauty-ecke.com\/startseite\/#\/schema\/logo\/image\/\"}}]}<\/script>\n<!-- \/ Yoast SEO plugin. -->","yoast_head_json":{"title":"\u00bb Beauty Ecke - Kosmetikstudio deines Vertrauens - Straubenhardt","description":"\u2605 Das Kosmetikstudio deines Vertrauens \u2605 Spezialisiert auf Permanent Make-Up, Augenbrauenbehandlungen, Wimpernbehandlungen.. Mehr erfahren!","robots":{"index":"noindex","follow":"nofollow"},"og_locale":"en_US","og_type":"article","og_title":"\u00bb Beauty Ecke - Kosmetikstudio deines Vertrauens - Straubenhardt","og_description":"\u2605 Das Kosmetikstudio deines Vertrauens \u2605 Spezialisiert auf Permanent Make-Up, Augenbrauenbehandlungen, Wimpernbehandlungen.. Mehr erfahren!","og_url":"http:\/\/beauty-ecke.com\/startseite\/impressum\/","og_site_name":"Beauty Ecke - Kosmetikstudio in Straubenhardt","article_modified_time":"2024-04-24T20:36:58+00:00","twitter_card":"summary_large_image","twitter_misc":{"Est. reading time":"4 minutes"},"schema":{"@context":"https:\/\/schema.org","@graph":[{"@type":"WebPage","@id":"http:\/\/beauty-ecke.com\/startseite\/impressum\/","url":"http:\/\/beauty-ecke.com\/startseite\/impressum\/","name":"\u00bb Beauty Ecke - Kosmetikstudio deines Vertrauens - Straubenhardt","isPartOf":{"@id":"https:\/\/beauty-ecke.com\/startseite\/#website"},"datePublished":"2024-04-16T17:25:57+00:00","dateModified":"2024-04-24T20:36:58+00:00","description":"\u2605 Das Kosmetikstudio deines Vertrauens \u2605 Spezialisiert auf Permanent Make-Up, Augenbrauenbehandlungen, Wimpernbehandlungen.. Mehr erfahren!","breadcrumb":{"@id":"http:\/\/beauty-ecke.com\/startseite\/impressum\/#breadcrumb"},"inLanguage":"en-US","potentialAction":[{"@type":"ReadAction","target":["http:\/\/beauty-ecke.com\/startseite\/impressum\/"]}]},{"@type":"BreadcrumbList","@id":"http:\/\/beauty-ecke.com\/startseite\/impressum\/#breadcrumb","itemListElement":[{"@type":"ListItem","position":1,"name":"Startseite","item":"https:\/\/beauty-ecke.com\/startseite\/"},{"@type":"ListItem","position":2,"name":"Impressum"}]},{"@type":"WebSite","@id":"https:\/\/beauty-ecke.com\/startseite\/#website","url":"https:\/\/beauty-ecke.com\/startseite\/","name":"\u00bb Beauty Ecke - Kosmetikstudio deines Vertrauens - Straubenhardt","description":"\u2605 Das Kosmetikstudio deines Vertrauens \u2605 Spezialisiert auf Permanent Make-Up, Augenbrauenbehandlungen, Wimpernbehandlungen.. Mehr erfahren!","publisher":{"@id":"https:\/\/beauty-ecke.com\/startseite\/#organization"},"potentialAction":[{"@type":"SearchAction","target":{"@type":"EntryPoint","urlTemplate":"https:\/\/beauty-ecke.com\/startseite\/?s={search_term_string}"},"query-input":{"@type":"PropertyValueSpecification","valueRequired":true,"valueName":"search_term_string"}}],"inLanguage":"en-US"},{"@type":"Organization","@id":"https:\/\/beauty-ecke.com\/startseite\/#organization","name":"Beauty Ecke - Kosmetikstudio in Straubenhardt","url":"https:\/\/beauty-ecke.com\/startseite\/","logo":{"@type":"ImageObject","inLanguage":"en-US","@id":"https:\/\/beauty-ecke.com\/startseite\/#\/schema\/logo\/image\/","url":"https:\/\/beauty-ecke.com\/wp-content\/uploads\/2024\/02\/Beauty-Ecke.png","contentUrl":"https:\/\/beauty-ecke.com\/wp-content\/uploads\/2024\/02\/Beauty-Ecke.png","width":2839,"height":2326,"caption":"Beauty Ecke - Kosmetikstudio in Straubenhardt"},"image":{"@id":"https:\/\/beauty-ecke.com\/startseite\/#\/schema\/logo\/image\/"}}]}},"_links":{"self":[{"href":"https:\/\/beauty-ecke.com\/startseite\/wp-json\/wp\/v2\/pages\/133"}],"collection":[{"href":"https:\/\/beauty-ecke.com\/startseite\/wp-json\/wp\/v2\/pages"}],"about":[{"href":"https:\/\/beauty-ecke.com\/startseite\/wp-json\/wp\/v2\/types\/page"}],"author":[{"embeddable":true,"href":"https:\/\/beauty-ecke.com\/startseite\/wp-json\/wp\/v2\/users\/1"}],"replies":[{"embeddable":true,"href":"https:\/\/beauty-ecke.com\/startseite\/wp-json\/wp\/v2\/comments?post=133"}],"version-history":[{"count":2,"href":"https:\/\/beauty-ecke.com\/startseite\/wp-json\/wp\/v2\/pages\/133\/revisions"}],"predecessor-version":[{"id":145,"href":"https:\/\/beauty-ecke.com\/startseite\/wp-json\/wp\/v2\/pages\/133\/revisions\/145"}],"wp:attachment":[{"href":"https:\/\/beauty-ecke.com\/startseite\/wp-json\/wp\/v2\/media?parent=133"}],"curies":[{"name":"wp","href":"https:\/\/api.w.org\/{rel}","templated":true}]}}